+ m). Calculate the greatest common divisor of 26 and b.
13
Let o = -7 + 12. Calculate the greatest common divisor of o and 20.
5
Let b be 1 - (-3 + (-3 - -6)). Let x(p) = 2*p + 1. Let u be x(b). Calculate the highest common factor of u and 24.
3
Suppose 0 = 5*p - p - 60. Calculate the greatest common factor of 120 and p.
15
Let b = 9 - 4. Suppose -8 + 25 = 5*n + 4*y, -y = 2. Calculate the highest common factor of n and b.
5
Suppose 2*k - 6 = -v + k, -22 = -v - 5*k. Let l = 42 + -39. Calculate the highest common factor of l and v.
1
Let u(d) = 153*d**2 + 2*d - 1. Let r be u(1). Calculate the greatest common divisor of 22 and r.
22
Suppose -120 - 15 = -15*l. What is the highest common factor of l and 6?
3
Suppose 4*z + 4 = -4*y, 0*y - 3*y = 2*z - 1. What is the highest common factor of y and 24?
3
Suppose -5*m + 0 = -40. What is the greatest common divisor of 32 and m?
8
Let g = 14 + -9. What is the highest common divisor of g and 5?
5
Let s = 54 + -44. Calculate the greatest common divisor of 90 and s.
10
Let z be (1 + 14)*(-8)/(-3). What is the highest common factor of 10 and z?
10
Let c be ((-1)/((-2)/(-98)))/(-1). What is the greatest common factor of c and 7?
7
Suppose 3 + 41 = 4*r. Calculate the greatest common factor of 44 and r.
11
Let x be ((-14)/(-8))/(2/8). Suppose 7*a - 2*a - 2*k + 448 = 0, -a + 5*k = 85. Let p = a - -139. What is the highest common factor of p and x?
7
Suppose -3*v = -v - 70. Let i be (-95)/v - (-2)/(-7). Let h = i - -11. What is the highest common factor of 8 and h?
8
Let w be (-1)/5 + (-126)/(-30). Suppose -1 = w*n - 37. Calculate the highest common divisor of 36 and n.
9
Let g(b) = 1 + 10*b - 4*b**2 - 5*b + 7*b**2 + 1. Let p be g(-3). What is the greatest common factor of p and 154?
14
Suppose 3*n - 136 = n. Suppose -5*g = 3*j - n, -2*j + g = -11 - 17. Calculate the highest common factor of 144 and j.
16
Let k = 7 + -5. Suppose 0 = 2*m - 12. What is the highest common factor of m and k?
2
Suppose -4*x + 4*m + 780 = 0, 0 = -3*x + m + 3*m + 588. What is the greatest common factor of 12 and x?
12
Let f be (-1)/(-2 + 3)*-15. Suppose 0*l = -4*l + u + 525, -l - 5*u = -147. Let g = l - 87. What is the greatest common divisor of f and g?
15
Let n(t) = -t**3 + 8*t**2 + t + 1. Let s be n(8). Let x = s + -4. Let w be (-14)/6*(-13 - 2). Calculate the highest common divisor of w and x.
5
Let k(z) = -2*z - 3. Let h be k(-3). Calculate the highest common factor of 12 and h.
3
Suppose 2*f = 2*g - 34, 0 = 2*f + f + 12. Calculate the highest common divisor of 169 and g.
13
Suppose -60 = 4*c - 0*c. Let v be -4*(c/6 + 0). Let u = -126 + 196. Calculate the highest common divisor of v and u.
10
Let u(m) be the third derivative of -m**5/20 + m**4/24 - m**2. Let k be u(1). Let o be k/9 + 303/27. What is the greatest common factor of o and 11?
11
Suppose 51 = -3*a - 0. Let z = a - 1. Let o = -6 - z. Calculate the greatest common factor of o and 2.
2
Suppose f = 6 - 3. Suppose 0*q = f*q - 54. What is the greatest common divisor of 6 and q?
6
Let z(o) = o**2 - 10*o - 17. Let u be z(12). What is the greatest common factor of 1 and u?
1
Let l = 8 + -22. Let p = -10 - l. Suppose 3*u = z + 57, p*z - 46 = -2*u + 2*z. What is the highest common divisor of 10 and u?
10
Let u(s) = s**3 + 7*s**2 + 9*s - 2. Let j be u(-4). Calculate the greatest common factor of j and 110.
10
Let m(w) = -w**3 - 5*w**2 + 5. Let a be m(-5). Suppose 2*n = -5*g + 74, 0*g - 31 = -g + a*n. Calculate the highest common divisor of 4 and g.
4
Let x(o) = o**3 - 6*o**2 - 13*o + 9. Let h be x(8). Calculate the greatest common divisor of 22 and h.
11
Let w(v) = 3*v**2 - 6*v**2 - 2*v**2 - v + 10*v**2 + 1. Let z be w(2). Calculate the greatest common factor of z and 133.
19
Let q = 7 - -5. Calculate the highest common factor of 192 and q.
12
Suppose -2*a - 8 = -3*a + 4*d, -2*d = -5*a + 76. Calculate the greatest common divisor of a and 112.
16
Let y(w) be the first derivative of -w**2/2 - 8*w + 1. Let o be y(-8). Suppose 2*c - 3*c + 7 = o. Calculate the highest common divisor of 49 and c.
7
Suppose -3*m = -168 - 177. Calculate the highest common factor of m and 23.
23
Let r be 26 - (19/95 - 12/10). Suppose -3*f = 4*g - 30, -3*f = -6*g + 2*g + 42. Let p = r - g. What is the highest common divisor of 6 and p?
6
Let c be (63 + -3)*2/4. Let n(g) = 3*g - 5. Let v be n(5). Calculate the highest common factor of v and c.
10
Let h be 4/1*(0 + 414/12). What is the greatest common divisor of 92 and h?
46
Suppose -4*b = -5*b + 5. What is the greatest common divisor of 2 and b?
1
Suppose -j - 3*k + 174 = 2*j, 2 = k. What is the highest common divisor of 8 and j?
8
Suppose 8 - 43 = -5*d. What is the greatest common divisor of d and 21?
7
Let d be ((-24)/10)/(12/(-80)). Suppose -5*m = -476 + 156. What is the highest common factor of m and d?
16
Let t be 2/(-1 - -3) - -116. Let o(d) = 5*d - 32. Let j be o(9). Calculate the greatest common divisor of j and t.
13
Suppose -3*x + 5*p + 143 = -0*x, -3*x - p + 173 = 0. What is the greatest common divisor of 16 and x?
8
Let k = -17 - -25. Suppose 0 = 4*p + 20 - 148. Calculate the highest common factor of p and k.
8
Suppose 0 = 5*w - 42 - 33. Let l = w + -11. Suppose 8 = 2*z - 0. Calculate the greatest common factor of l and z.
4
Let p be (-12)/(-10)*(-10)/(-4). Suppose q - 38 = -v - p*q, -2*q + 166 = 4*v. What is the greatest common divisor of 6 and v?
6
Let q = 85 - 49. Suppose 4*b = 2*v + 116, -14 + q = b + 3*v. Suppose 3*c = -c + b. What is the greatest common factor of 63 and c?
7
Let a(s) = -25*s**2 - s - 2. Let m be a(2). Let u = -12 - m. Suppose 0 = -5*h + u - 7. Calculate the highest common divisor of h and 51.
17
Let i = -12 + 14. What is the greatest common factor of i and 3?
1
Let d = -30 - -41. Calculate the greatest common divisor of 11 and d.
11
Let z be (-8)/(-1) + (1 - 2). Suppose x + z = 16. Let r be (-2 - 4 - 0)*-1. What is the greatest common divisor of x and r?
3
Suppose -3*r + 2 = 2*s - 0*r, 4*s - 2*r - 20 = 0. Suppose -s*u + 3*u + 90 = 0. What is the greatest common factor of u and 15?
15
Let m = 2 + 0. Suppose z = -m*v + 3, -5*z + 25 = v + 4*v. Let s(i) = -i**2 + 8*i - 2. Let p be s(z). What is the greatest common divisor of p and 20?
5
Let t = 417 - 186. Let u = 52 - 31. What is the highest common divisor of t and u?
21
Suppose 5*l - 4*q + 5 = 34, -4*q - 19 = -3*l. Suppose 0 = l*z - 0*z - 45. Calculate the highest common divisor of z and 1.
1
Let a(o) = -o**3 - 7*o**2 + 6*o - 1. Suppose 23 = 4*t + 55. Let z be a(t). Calculate the greatest common factor of 5 and z.
5
Let a be (2/4)/(4/(-56)). Let f(z) = -22*z - 9. Let b be f(a). What is the highest common factor of 29 and b?
29
Let l be (-1)/(-2)*(1 + 3). Suppose -l*z = 3*f - 18, -3*z + 10 = 2*f - 6*f. Let s be -45*(-2 - 8/(-5)). Calculate the greatest common factor of z and s.
6
Suppose 102 = 4*n + 2*l, n - 3*n + 3*l + 39 = 0. Calculate the highest common factor of 12 and n.
12
Suppose -24 = -k + 2*y, 78 = 5*k + 6*y - 2*y. What is the highest common divisor of 162 and k?
18
Let p(y) = y**2 - 3*y - 2. Let g be p(4). Let c be (-10)/(-3)*(6/6 - -2). Calculate the highest common factor of c and g.
2
Suppose -7*k + 260 = -2*k. Let t be -2 - (-35 - 2/2). Let o = k - t. Calculate the greatest common factor of o and 2.
2
Suppose 46 = 2*m - 2*x, -4*m + m + x + 63 = 0. Suppose 3*u + u - 8 = 0, -f = -5*u - 20. What is the highest common factor of m and f?
10
Suppose -4*h - 30 = -7*h. Suppose -6*o + h*o - 16 = 0. Calculate the greatest common divisor of o and 10.
2
Let u(f) = 15*f - 6. Let p be u(4). Let y be 12/p - 212/(-18). What is the greatest common divisor of 108 and y?
12
Let t be (7 - 1)*5/(5 - -5). What is the highest common divisor of 12 and t?
3
Let v(a) = 3*a - a - 2 + 3. Let h be v(-4). Let c = 11 + h. Calculate the highest common divisor of c and 44.
4
Let x be (-8)/(-4*(-4)/(-200)). Calculate the highest common factor of x and 40.
20
Let q = 119 - -90. What is the highest common divisor of q and 19?
19
Suppose 180 = 4*u - 5*m, -u + 234 = 4*u - 4*m. What is the highest common factor of u and 10?
10
Let f be 2/((-4)/(-2))*5. Let d(q) = q**2 - 7*q + 4. Let y be d(f). Let v be 35*(-3)/9*y. What is the greatest common factor of 10 and v?
10
Suppose 838 + 607 = 5*c. Calculate